when 170479 is divided by 84226?
2027
What is the remainder when 6134166 is divided by 23?
20
What is the remainder when 23349 is divided by 7414?
1107
Calculate the remainder when 114730 is divided by 57.
46
Calculate the remainder when 740665 is divided by 1189.
1107
What is the remainder when 3547348 is divided by 111?
10
Calculate the remainder when 172009 is divided by 34234.
839
Calculate the remainder when 2603782 is divided by 4568.
22
Calculate the remainder when 18454 is divided by 6144.
22
Calculate the remainder when 1342176 is divided by 3879.
42
Calculate the remainder when 4598134 is divided by 3156.
2998
What is the remainder when 1647031 is divided by 912?
871
What is the remainder when 2154544 is divided by 153?
151
Calculate the remainder when 231134 is divided by 808.
46
Calculate the remainder when 103455 is divided by 1100.
55
Calculate the remainder when 103051 is divided by 17174.
7
What is the remainder when 22185187 is divided by 5546292?
19
Calculate the remainder when 13724093 is divided by 1253.
1237
What is the remainder when 1573003 is divided by 29679?
16
Calculate the remainder when 8759275 is divided by 38.
9
Calculate the remainder when 182374396 is divided by 1300.
1296
What is the remainder when 459943 is divided by 3231?
1141
What is the remainder when 1421903 is divided by 2562?
2555
Calculate the remainder when 169879 is divided by 56317.
928
Calculate the remainder when 3029792 is divided by 757447.
4
What is the remainder when 15306700 is divided by 185?
170
Calculate the remainder when 5320351 is divided by 929.
897
What is the remainder when 140451 is divided by 27732?
1791
Calculate the remainder when 38882 is divided by 4859.
10
Calculate the remainder when 23799 is divided by 5603.
1387
What is the remainder when 41957 is divided by 412?
345
Calculate the remainder when 18586 is divided by 889.
806
What is the remainder when 191356 is divided by 181?
39
What is the remainder when 40738609 is divided by 377?
366
What is the remainder when 476109 is divided by 59509?
37
Calculate the remainder when 4401084 is divided by 244504.
12
What is the remainder when 8906043 is divided by 145?
143
Calculate the remainder when 2568411 is divided by 30214.
221
What is the remainder when 981497 is divided by 108?
101
What is the remainder when 705109 is divided by 87178?
7685
What is the remainder when 640949 is divided by 320408?
133
Calculate the remainder when 6734351 is divided by 463.
16
What is the remainder when 10622 is divided by 2921?
1859
Calculate the remainder when 12845017 is divided by 179.
156
Calculate the remainder when 2443296 is divided by 3169.
3166
Calculate the remainder when 108115 is divided by 2272.
1331
Calculate the remainder when 709987 is divided by 709517.
470
Calculate the remainder when 4833031 is divided by 136.
135
Calculate the remainder when 6974391 is divided by 443.
242
What is the remainder when 151650 is divided by 590?
20
Calculate the remainder when 1970998 is divided by 7497.
6784
Calculate the remainder when 98620 is divided by 49033.
554
What is the remainder when 52828 is divided by 526?
228
Calculate the remainder when 14544209 is divided by 122.
101
What is the remainder when 10150271 is divided by 28117?
34
What is the remainder when 2027414 is divided by 50?
14
What is the remainder when 1734012 is divided by 577991?
39
Calculate the remainder when 2822812 is divided by 2658.
16
What is the remainder when 17805 is divided by 4928?
3021
What is the remainder when 5364152 is divided by 119?
108
What is the remainder when 7797854 is divided by 259928?
14
What is the remainder when 37140588 is divided by 96?
12
Calculate the remainder when 59486855 is divided by 369.
365
What is the remainder when 15327877 is divided by 3831937?
129
What is the remainder when 1686700 is divided by 2869?
2597
Calculate the remainder when 220229 is divided by 706.
663
What is the remainder when 4142 is divided by 680?
62
What is the remainder when 67945 is divided by 1887?
13
Calculate the remainder when 638075 is divided by 12566.
9775
What is the remainder when 1964089 is divided by 3301?
3295
Calculate the remainder when 6288447 is divided by 318.
315
Calculate the remainder when 127831267 is divided by 79.
24
What is the remainder when 10587460 is divided by 8?
4
Calculate the remainder when 2171011 is divided by 42.
31
Calculate the remainder when 71030668 is divided by 1723.
1716
Calculate the remainder when 482360 is divided by 346.
36
Calculate the remainder when 336152 is divided by 13962.
1064
Calculate the remainder when 709574 is divided by 6170.
24
Calculate the remainder when 1129051 is divided by 178.
175
What is the remainder when 1558643 is divided by 1558632?
11
What is the remainder when 9315404 is divided by 3321?
3320
Calculate the remainder when 11446 is divided by 4530.
2386
Calculate the remainder when 5785049 is divided by 321.
308
What is the remainder when 152590 is divided by 50669?
583
What is the remainder when 2341992 is divided by 260188?
300
Calculate the remainder when 5603354 is divided by 70.
64
Calculate the remainder when 95717 is divided by 516.
257
Calculate the remainder when 218186897 is divided by 1389.
1388
What is the remainder when 6435971 is divided by 290?
1
What is the remainder when 19329 is divided by 1506?
1257
What is the remainder when 6234778 is divided by 788?
122
What is the remainder when 198762 is divided by 5987?
1191
What is the remainder when 99805 is divided by 33208?
181
What is the remainder when 1533030 is divided by 1750?
30
Calculate the remainder when 8106031 is divided by 53.
52
What is the remainder when 53859 is divided by 1517?
764
Calculate the remainder when 1137891 is divided by 5444.
95
What is the remainder when 1668200 is divided by 4780?
4760
Calculate the remainder when 20499856 is divided by 427.
13
Calculate the remainder when 1588226 is divided by 49632.
2
What is the remainder when 34919622 is divided by 2694?
2688
Calculate the remainder when 10761552 is divided by 2194.
2176
What is the remainder when 215516 is divided by 3198?
1250
Calculate the remainder when 3804301 is divided by 45.
1
Calculate the remainder when 85730 is divided by 1442.
652
What is the remainder when 484717530 is divided by 884?
882
What is the remainder when 7520471 is divided by 2771?
2748
Calculate the remainder when 7440553 is divided by 332.
101
Calculate the remainder when 116319 is divided by 939.
822
Calculate the remainder when 45820 is divided by 337.
325
Calculate the remainder when 418310 is divided by 104566.
46
What is the remainder when 88365 is divided by 17576?
485
What is the remainder when 255014 is divided by 3470?
1704
Calculate the remainder when 2383746 is divided by 103639.
49
Calculate the remainder when 1170409 is divided by 390132.
13
Calculate the remainder when 934373 is divided by 186873.
8
What is the remainder when 1715473 is divided by 171547?
3
Calculate the remainder when 181762115 is divided by 438.
437
Calculate the remainder when 37657 is divided by 1143.
1081
Calculate the remainder when 4609325 is divided by 1150.
125
What is the remainder when 5056417 is divided by 1685451?
64
What is the remainder when 312624 is divided by 104184?
72
What is the remainder when 502959 is divided by 1248?
15
What is the remainder when 19246320 is divided by 201?
168
Calculate the remainder when 17257846 is divided by 65.
21
Calculate the remainder when 114401844 is divided by 64.
52
Calculate the remainder when 8666 is divided by 8506.
160
Calculate the remainder when 1959773 is divided by 2202.
2195
What is the remainder when 658587 is divided by 2897?
968
Calculate the remainder when 48846 is divided by 23124.
2598
Calculate the remainder when 115591199 is divided by 53.
1
Calculate the remainder when 16143 is divided by 13465.
2678
What is the remainder when 87564 is divided by 357?
99
Calculate the remainder when 3387945 is divided by 1693415.
1115
What is the remainder when 10602893 is divided by 8?
5
What is the remainder when 67981561 is divided by 11437?
33
What is the remainder when 1133782 is divided by 1555?
187
What is the remainder when 13950020 is divided by 1500?
20
What is the remain